ate the greatest common divisor of g and 54.
6
Let d = 62 - 7. Let r = -29 + d. What is the highest common divisor of 494 and r?
26
Let x be (-13 + 3 + 9)/1. Let r be (-10)/7*(-12 - 3 - x). What is the greatest common divisor of r and 470?
10
Suppose 0 = -3*p + 24 - 6, 0 = 3*h + 5*p - 888. Calculate the highest common factor of h and 638.
22
Let j be 10*(-4)/200 + (-3952)/(-10). Calculate the highest common divisor of 237 and j.
79
Suppose -w + 2*w - x = 9, 0 = 4*w + 2*x - 42. Suppose 5*i + 345 = 4*r - 2*r, -2*r - 4*i + 336 = 0. What is the highest common factor of r and w?
10
Let n(v) = v**3 + 21*v**2 + 74*v - 18. Let i be n(-10). What is the highest common divisor of 95 and i?
19
Suppose -v + 5246 = -10*v + 33677. What is the highest common divisor of v and 13?
13
Let y be 2505 + ((-22)/2 - 84/(-28)). What is the highest common divisor of 22 and y?
11
Suppose 0 = 1252*a - 1270*a + 25056. Calculate the highest common factor of a and 435.
87
Let g(s) = 4*s**2 + 59*s - 15. Let v be g(-15). Suppose -5*t - 5*l = -4*t - 37, 4*t - 3*l - 56 = v. What is the greatest common divisor of 595 and t?
17
Let d = 280 + -187. What is the greatest common divisor of d and 155?
31
Let r(i) = 15*i**2 - 139*i + 48. Let p be r(9). What is the highest common factor of p and 916?
4
Let c = -7031 + 20321. Calculate the greatest common factor of c and 60.
30
Let h = 911 + -470. Let a(z) = -3*z**2 + 37*z - 21. Let q be a(10). What is the highest common divisor of q and h?
49
Let j(o) = -377*o - 1268. Let t be j(-4). Calculate the highest common divisor of t and 21.
3
Let d(r) = 2*r**2 + 7*r - 20. Let s(v) = v**2 - 19*v + 54. Let b be s(4). Let o be d(b). Calculate the highest common divisor of o and 40.
10
Let y be 2/(-14) - (1314/(-15))/(455/650). Calculate the highest common divisor of 7375 and y.
125
Suppose 11*u - 10 = 10*u. Suppose u*p = 9*p - 12. Let q be (-8)/p - (-170)/6. Calculate the highest common factor of 232 and q.
29
Let v = 17 + -15. Let y(i) = -5*i**2 + 0*i**2 - 11 - 7*i**2 - 25*i - 3*i**v - i**3. Let t be y(-14). What is the greatest common divisor of 13 and t?
13
Suppose 3*t + 5 = -p, 11 = 3*t - 3*p - 4. Let k be (-6 - t)*53/3*-2. Suppose 0 = 4*r - 12 - k. Calculate the highest common factor of r and 8.
8
Let t be -10 - 363/(-44) - (-2987)/4. Calculate the highest common divisor of t and 10.
5
Suppose -5*b + 2*j + 104214 = 0, -8*b + 13*b - j = 104207. Calculate the greatest common factor of b and 40.
40
Suppose 43 = 5*y + 2*j - 3*j, 3*j = 6. What is the greatest common factor of y and 1017?
9
Let i be 4/32 - 7278/(-16). Let f(b) = 35*b**3 + 2*b**2 - 7*b + 5. Let u be f(1). What is the greatest common factor of u and i?
35
Let h(z) be the first derivative of 17*z**3/3 - 5*z**2/2 - 22*z - 81. Let k be h(5). What is the greatest common factor of k and 14?
14
Let y(l) = 2*l**2 - 86*l - 140. Let h be y(47). What is the highest common divisor of 2065 and h?
59
Suppose 0 = -c - 149 + 366. Suppose -210*k + c*k - 14 = 0. Calculate the greatest common factor of k and 27.
1
Suppose 2*w = 3*m + 3*w - 12, 0 = -3*w. Suppose m*b - 59 = -u, 4*u - 10 = -b - u. Suppose -2*r + 33 = 3. Calculate the greatest common divisor of b and r.
15
Suppose -4*x + 6935 - 1833 = 2*d, -3*d - 5127 = -4*x. Calculate the highest common factor of 54 and x.
18
Let i = 18922 - 18676. What is the greatest common divisor of 234 and i?
6
Let g = -10591 + 10591. Let d(f) = 63 + f**2 + 41 + f**2 - 2*f. Let s be d(g). What is the highest common divisor of 8 and s?
8
Let d be 18 + -4 + 1/1. Suppose -209*y = 27*y - 5083 - 5537. Calculate the greatest common divisor of d and y.
15
Let s be (3683/87)/(2/18). What is the highest common divisor of 3 and s?
3
Let h be (-3)/(((-6)/(-4))/(-13 - 13)). What is the highest common factor of 5954 and h?
26
Suppose -848671 - 395947 = -116*c + 1528246. What is the greatest common factor of c and 16?
16
Let g = -17 - -28. Suppose 16 = -10*o + g*o. Suppose -5*r + 101 = 4*m, -m = 5*r - 28 - o. What is the greatest common factor of m and 38?
19
Suppose -g + 24 = 5*z, 13 = 2*g + z - 8. Suppose g = -f + 18. Suppose -f*j + 19 = -35. What is the highest common divisor of j and 18?
6
Let h be (138/(-5))/((-27)/180). Suppose -h - 144 = -8*k. Suppose -b - 4*o + k = -59, -b + 84 = -4*o. Calculate the highest common factor of b and 23.
23
Let f(a) = a**3 - 67*a**2 + 136*a + 145. Let r be f(65). Calculate the greatest common divisor of 214 and r.
107
Suppose 4*b - 3080 = 12*b. Let a = -359 - b. What is the greatest common divisor of 299 and a?
13
Let y(f) = f**3 + 4*f**2 - 4*f + 6. Let a be y(-5). Let r(d) = 66*d**3 + d**2 + 3*d - 2. Let h be r(a). What is the highest common divisor of h and 136?
68
Suppose 54*y + 6631 - 13324 - 7077 = 0. Calculate the highest common factor of 425 and y.
85
Let g be (54/8)/(2/8). Let m = 5871 - 5799. What is the highest common factor of m and g?
9
Let q be (-26)/117 + 16/(-9). Let j be 57 + q - (-4)/(-12)*-15. Calculate the highest common factor of j and 80.
20
Let d(g) = -g**3 - 2*g**2 + 117*g - 26. Let v be d(-12). Calculate the highest common factor of v and 150.
10
Let r be (-1)/2*(-209 - 5) - -1. Let z = 606 + -336. What is the highest common divisor of z and r?
54
Suppose 0 = 86*g - 102*g + 1760. Calculate the highest common factor of g and 270.
10
Let d be (84/(-8))/7*-30. Suppose 0 = -101*q + 20403 + 2322. Calculate the highest common divisor of q and d.
45
Let o = -27 + 61. Let y(h) = -45*h**2 + 1749*h + 387. Let g be y(39). What is the greatest common divisor of o and g?
17
Suppose -2*r - 126 = -4*d, 2*d + 2*r - 68 = -2*r. Suppose -23 + 68 = -5*t. Let m be (1104/(-18))/(-8) - 3/t. What is the highest common divisor of m and d?
8
Suppose -9*n + 1967 = -742. Let z = 485 - n. What is the greatest common factor of z and 69?
23
Let i = 2196 + -1740. Calculate the highest common divisor of i and 171.
57
Let i = 94 + 56. Suppose 6*p - 109 + 19 = 0. Suppose -10*o = -p*o + 150. Calculate the greatest common factor of i and o.
30
Let n(j) = 34*j + 88. Let s be n(-2). Let u be 1 + -5*(-2 - (-627)/(-15)). Calculate the greatest common divisor of u and s.
20
Let q(w) = -27*w - 8. Let v be q(-8). Let h = 72987 + -72974. Calculate the greatest common factor of h and v.
13
Let r be 6*12 - (-8 - 17 - -21). Calculate the greatest common factor of 95 and r.
19
Let k = 7868 - 7692. Calculate the highest common divisor of k and 2416.
16
Let a(m) = -4*m + 80. Let o be a(-4). What is the highest common factor of o and 2064?
48
Let h = -22351 + 22839. Calculate the greatest common divisor of h and 3050.
122
Let w be ((-90)/120)/((-12)/176). Let o be 28/5 + (-4)/(-10). Let l be 129/o - 1/(-2). Calculate the highest common factor of w and l.
11
Let f be 3/2*(-16)/(-6). Let g be (f/(-3)*-6)/(4/(-38)). Let d = g - -96. What is the greatest common factor of d and 50?
10
Let n(u) = 2*u**2 + 31*u - 4. Let y be n(-16). Suppose -3*j - y - 13 = -r, 0 = -5*r - 2*j + 176. Calculate the highest common factor of r and 51.
17
Let v(y) = 3*y - 42. Let g be v(19). Let n be (-98)/735 - (-1157)/g. What is the highest common divisor of n and 7?
7
Let p = 10747 + -10728. What is the greatest common factor of 188 and p?
1
Let l(d) = d**2 - 55*d - 877. Let k be l(68). Calculate the greatest common factor of 2849 and k.
7
Suppose 3*x - 9 = -2*i - 0, 2*x = -4*i + 38. Suppose 2*d + 987 = -1434 + 2973. Calculate the greatest common divisor of i and d.
12
Suppose -53*r - 645 = -2*p - 50*r, 0 = -3*p - 4*r + 1044. Calculate the greatest common factor of p and 8176.
112
Suppose -2*p - 763 + 2079 = 0. Suppose 3*b - p = -q, 3*q + 221 = 3*b - 457. Calculate the greatest common factor of 17 and b.
17
Let m be ((-420)/50)/(-14)*(13 + -8). Let q(z) = -z**3 - 2*z**2 + 6*z + 3. Let a be q(-4). What is the highest common factor of a and m?
1
Let a be ((-28)/(-8) + -1)*86. Let o = 238 - a. What is the highest common divisor of o and 46?
23
Suppose 4*i - 8*c + 3*c = 398, 2*c = i - 95. Calculate the highest common divisor of 40553 and i.
107
Let t(a) = -a**2 + 36*a + 307. Let k be t(40). Suppose 52*l = 51*l + 49. Calculate the greatest common divisor of l and k.
49
Suppose -2274 - 3846 = 8*i. Let u = i - -849. What is the highest common factor of 56 and u?
28
Let y be 123 + 0 + -2 + 0. Suppos